site?
False
Let q be 16/(-3)*36/(-16). Let u(x) = 3*x**3 + 13 - 2*x**3 - 19*x + 6*x - 10*x**2. Is u(q) composite?
True
Let a be (-1 + 3)/(8/12). Suppose 0 = -a*i + 279 - 0. Is i a prime number?
False
Let a(l) = -334*l - 55. Is a(-9) a composite number?
True
Let z be 10804/28 + 2/14. Suppose -2*h - 153 = -4*f + 361, -3*f + h + z = 0. Is f a composite number?
True
Let n = 3 + -1. Suppose -267 = -3*r - m, -2*m - n*m - 267 = -3*r. Is r composite?
False
Let n(w) = 11*w - 20*w + 15 - 24*w - 4. Is n(-6) composite?
True
Let q(w) = 49*w + 10. Let o = -4 + 7. Is q(o) a prime number?
True
Let j = -3 - -6. Let h be (-6)/(-4)*140/j. Suppose h = f + f. Is f composite?
True
Let s(k) = 14*k**2 + 2*k + 5. Let g(n) = 29*n**2 + 4*n + 11. Let p(a) = -6*g(a) + 13*s(a). Is p(-3) a composite number?
True
Is (2/4)/((-11)/(-8206)) prime?
True
Let w = -3744 - -6871. Is w a composite number?
True
Let m = 45 - 27. Suppose 5*l - 2*t = 25, -4*l + 43 = -0*t + 3*t. Let c = m - l. Is c a prime number?
True
Is (4740/(-18))/((-8)/12) prime?
False
Let l be 2*1/1 - -1. Suppose 4*h - 18 = 3*x, -l*h + x = -2 - 14. Suppose 3*k - 260 = -4*z, 2*z + 4*k + h = 136. Is z composite?
True
Let j(h) = -5 - h + 5*h - 3*h. Let s be j(-5). Is (24/20)/((-2)/s) prime?
False
Suppose 0 = 5*f - 1308 - 297. Is f prime?
False
Let r = 3564 + -1992. Is 2/5 - r/(-20) a composite number?
False
Let a = -5 + 8. Is a*(254/6)/1 composite?
False
Suppose 0 = 4*j - 3*j + 3*q - 4, -3*q = 5*j + 4. Let a(o) = -o**2 - o + 1. Let k be a(j). Let z = 18 - k. Is z a composite number?
False
Let x = -8 - -76. Let s = -34 + x. Suppose 2*c - s = -d + c, 2*d - c = 77. Is d a composite number?
False
Let o = 12 + -18. Let x(u) = -17*u - 9. Is x(o) a composite number?
True
Let z be ((-4)/(-12))/(2/6). Suppose 9 = 3*m - 2*o, 2*o = -4*m - 1 - 1. Is 73*m/z - 2 a composite number?
False
Suppose 0*v = -5*v - 10. Let g be 7*(1 + 2 + v). Suppose -5*h = g*y - 2*y - 110, 0 = 5*y - 5*h - 80. Is y a prime number?
True
Let t(z) = z**3 + z**2 - z + 4. Let p be t(0). Suppose 3*y + 242 = -4*s, -y + 3*s = -p*y - 246. Let k = y - -123. Is k composite?
False
Suppose -4*q = -8, 4*o + 4*q = 27 - 7. Suppose o*d - 9 = -d + g, 2*d = 2*g. Is 0 - ((-9)/d - 64) composite?
False
Let p be 2/6*(-12)/(-2). Is (6 + 301)*p/2 a prime number?
True
Suppose -15 = -0*w - w. Let z be ((-28)/6)/(1/w). Let v = 103 + z. Is v a composite number?
True
Suppose 1237 = t - 4176. Is t a prime number?
True
Let v be (-3 - -4) + 0 + 22. Suppose -2*l + v = 9. Is l composite?
False
Suppose 0 = 11*r - 0*r - 1727. Is r a composite number?
False
Suppose 11*x - 14*x = -993. Is x a prime number?
True
Suppose 2*i - 4*f - 24 = -2*f, 5*f = 10. Is i/(-77) - (-233)/11 a prime number?
False
Is (-4)/(-16) + (-417)/(-12) a prime number?
False
Let c = 11 + -7. Suppose c*b - 3*v - 108 = 19, -5*v = 5. Is b a composite number?
False
Let k = 475 - 44. Is k composite?
False
Suppose -2*m = -1 - 1. Let s = m + 30. Is s a composite number?
False
Let i be (2/5)/((-5)/(-25)). Is 3 - i - -14*9 a composite number?
False
Let w(m) = m**2 - 9*m + 11. Let i be w(8). Let h(u) = u + 6 - 4 + 10*u - 1. Is h(i) composite?
True
Let k(p) = 208*p + 3. Is k(5) a prime number?
False
Is (-6)/(-14) + 535/105*6 a composite number?
False
Let x = 3473 - 2334. Is x a prime number?
False
Suppose -2*l + 182 = -292. Is l a prime number?
False
Let u = 133 - 192. Is (u/(-1))/(1/5) composite?
True
Is 169/(-8)*-6 + 8/32 composite?
False
Suppose 4*y - 394 - 594 = 0. Is y composite?
True
Let c = -7 + -2. Is (-1)/(c/(-6))*-15 a composite number?
True
Let v(w) = 9*w**2 - w - 1. Let k be 2/(-3)*6/2. Is v(k) a composite number?
False
Let r be 1225/3 + 8/(-24). Let d = r + -281. Is d a prime number?
True
Suppose -5*l - 5*y = -755, 5*l - 459 = 2*l - 5*y. Let h = 141 + l. Is h composite?
True
Suppose 6*o + 4*u - 40 = 2*o, 5 = 5*o - 4*u. Suppose 3*g = 2*k + 3*k - 281, 210 = 4*k + o*g. Is k a composite number?
True
Suppose 5*j - 2 = 4*j. Suppose -7 = -j*l + 7. Suppose 2*m - l*m + 185 = 0. Is m prime?
True
Let d be 4 - (2 + 0)/(-2). Suppose y = 9 + d. Let r = -3 + y. Is r prime?
True
Suppose 3*j - 8 = 4. Suppose 24 = 5*f - 2*z, 0*f = -f + j*z - 6. Suppose 6 + f = 2*m. Is m a composite number?
True
Suppose 0 = 5*b - 4*q - 3185, -4*b = -q - 1178 - 1381. Is b a prime number?
True
Let r(y) = 2*y + 4. Let g be r(-3). Let k be (1 - g)*(-3)/9. Let n = k - -4. Is n a prime number?
True
Suppose 0*x = 3*x - 1905. Is x a prime number?
False
Let x be (16/(-20))/(2/(-5)). Suppose -2*v + 630 = -82. Suppose -4*n = 5*o - v, -o - o = -x*n + 178. Is n composite?
False
Let y(u) = u**2 + 6*u - 7. Let c be y(-7). Suppose -2*x + 102 = -c*x + g, 4*g + 229 = 5*x. Is x a prime number?
False
Is (-29760)/(-55) - (-3)/(-33) a prime number?
True
Suppose -36*r + 33*r + 1137 = 0. Is r prime?
True
Suppose 3*b + 188 = 4*b. Suppose 4*q - 31 = -563. Let g = q + b. Is g a prime number?
False
Suppose -2*o = -3*o + 223. Is o a composite number?
False
Let j = 495 + -141. Let p be j/(-10) - 2/(-5). Let q = -13 - p. Is q prime?
False
Suppose 2996 + 526 = 6*i. Is i a composite number?
False
Suppose -3*m = -7*m + 480. Let f = m - 7. Is f a prime number?
True
Is 0 - 4/(8/(-1490)) composite?
True
Suppose 8*r - 10*r + 446 = 0. Is r prime?
True
Suppose 4*u = 4*t - 4 - 8, -t = 3*u + 21. Let y(m) be the third derivative of -7*m**4/12 + m**3/6 - m**2. Is y(u) a composite number?
True
Suppose -35 + 263 = 4*t. Suppose 0 = -3*l - 45 - t. Let v = 5 - l. Is v composite?
True
Let d(h) = -h**2 + h + 2. Let j be d(2). Let l(b) = -4*b**3 + 5 + 2*b**2 + j*b**2 - 6 + b. Is l(-2) composite?
False
Let n(b) = 167*b - 3. Is n(2) composite?
False
Is (-3)/(-9) - 0 - 18162/(-27) prime?
True
Let s(m) = m**3 + 14*m**2 - 5*m + 15. Is s(-14) a prime number?
False
Is (380 - -2)*1/2 a prime number?
True
Suppose -3*o + 8 + 4 = 0. Is (258/(-15))/(o/(-20)) prime?
False
Suppose 396 = -o - 121. Let k = o - -767. Suppose 0 = -3*w + 4*i + 154, -5*w + 7*i + k = 2*i. Is w a composite number?
True
Suppose 5*h - 81 - 54 = 0. Let v = h - -51. Suppose -6*k + 54 = 3*i - 3*k, -3*k = -3*i + v. Is i a composite number?
True
Let t be -6*(2 - (-48)/(-9)). Let f be (-3 + 0)/(15/t). Let v(d) = -4*d + 3. Is v(f) a composite number?
False
Suppose -2*y + 5 + 1 = 0. Let o(s) = -36*s + 1 - y + 3. Is o(-4) a composite number?
True
Suppose 4*o + 4834 = 6*o. Is o prime?
True
Suppose -1 = 3*c + 5*d + 15, -2*c = d - 1. Let j = c + -3. Suppose 4*n - 2*n - 2*l = 84, j = -3*n - 4*l + 105. Is n composite?
True
Let w(g) = g - 6. Let x be w(6). Suppose x = 4*t + 93 - 257. Suppose -219 - t = -4*o. Is o a prime number?
False
Suppose -2476 = -s + 3*l, -3*s + 5*l + 2970 + 4454 = 0. Is s a prime number?
True
Suppose 10 + 28 = 5*o + 4*p, -3*o + 3*p = -39. Let v = 12 - o. Is (-34)/3*(-21)/v a prime number?
False
Let l(u) = 49*u - 1. Is l(6) composite?
False
Suppose -3*c = -5*v - 0*c + 1124, -c = -4*v + 902. Is v composite?
True
Let y(z) = 30*z**2 + z + 3. Is y(-4) a prime number?
True
Is 33 + (-2 - (-9)/3) a composite number?
True
Let r be 6242/13 - (-12)/(-78). Let m = r + -323. Is m a prime number?
True
Suppose -5*s + 8 = -3*s. Let c = s - 0. Suppose -3*t = -c*p + 154, 2*t + 18 = -3*p + 125. Is p a prime number?
True
Suppose -694 = x - 3*x + 4*c, 2*x - 673 = -3*c. Suppose 2*y + o = -x, 0*y - 2*o = -3*y - 494. Let u = 237 + y. Is u prime?
False
Let s(z) = -z - 4. Let t be s(-4). Suppose t = 4*g + 4*h - 88, -8*h = -3*h - 15. Is g a composite number?
False
Let n = -402 + 205. Let q = n + 354. Is q a prime number?
True
Let s(t) = 6*t**2 - 2*t + 10. Let j be s(6). Suppose -196 = -5*q + j. Is q a composite number?
True
Suppose 5*l = l + 40. Let d(y) = 3*y**2 + 8*y + 7. Let o(z) = -5*z**2 - 17*z - 13. Let f(c) = -7*d(c) - 4*o(c). Is f(l) a composite number?
False
Is 11722/26 - 0 - 20/(-130) prime?
False
Suppose 5*f - 432 = -4*t, -3*t - 2*f + 324 = f. Let j = -29 + t. Is j a prime number?
True
Let b = 252 + 501. Is b composite?
True
Let x be (-51)/6 - 1/(-2). Let y(s) = -8*s - 11. Is y(x) a composite number?
False
Let s(u) = 2*u**2 + 3*u. Let m be s(9). Suppose 4*h = m + 223. Is h prime?
True
Let z be (-4 - -8) + 1 + -30. Let u = 1 + -6. Is ((-9)/u)/(-3)*z a prime number?
False
Let c(o) = 2*o - 2. Let h(z) = z - 1. Let i(f) = -2*c(f) + 5*h(f). Let w be i(7). 